 (-22 - (8 + -4 + -9)) + 7?
30
Evaluate 108 + -78 + 9 - (73 + 3).
-37
What is (-4 - (7 - 9)) + 1 - (69 - (-2 + 0))?
-72
5 + -49 + 13 + 0 + -2
-33
What is -2 - -8 - (10 - (-8 + -19))?
-31
Evaluate -115 - 0 - (672 + -771).
-16
What is 30 + -58 + 7 + 36 - (-3 + 2 + 52)?
-36
What is the value of (-14 - -7 - (-8 - 3) - 39 - -10) + -4?
-29
What is (-87 + -42 - -45) + (-15 - (-2 - 0)) - 9?
-106
What is the value of (-24 - (3 + -3 + 8)) + -1 - 5 - 0?
-38
What is 24 - (16 - -13) - (59 - -3) - -7?
-60
What is the value of 12 + (-24 - -2 - -11) + 0 + 1 + -54?
-52
Calculate -56 + 0 + -11 + (-36 - -26) + -16.
-93
Evaluate 3 - (37 - (-12 - -19) - 45).
18
Evaluate (3 + 7 - 56) + -7 + -8 + 4.
-57
(-2 - 8) + (49 - (-60 + 3 + 31))
65
Calculate (-106 - -26) + -7 - (43 - 42).
-88
Evaluate -21 + -16 - 24 - ((9 - -1) + (-9 - -4)).
-66
15 + -19 + (-62 - -1 - (-7 + 17))
-75
Evaluate -14 - (37 - (-42 - (-67 - -44))).
-70
Calculate 3 - (35 - (-19 + 39)) - -15.
3
-21 + 31 + -25 + 43
28
What is -56 - (-11 - 37) - (3 + 0)?
-11
-6 + (-16 + 10 - 34) - -8 - (20 - 9)
-49
(0 + -1 - -1) + 24 + -51 + -1159 + 1162
-24
(10 - -4) + (8 + 83 - -18) + -8 + -1
114
Calculate (-130 - -109) + (15 + -9 - 6).
-21
What is 45 + 0 - (-41 + 61 + -43)?
68
14 + (22 - (73 - 52))
15
What is 505 + -194 + -309 - (2 + -2 - 0 - -25)?
-23
Evaluate 10 + (27 - 16) - 60.
-39
What is -8 + (-10 + 34 + -21 - -1) - (1 - -19)?
-24
Calculate 52 - (-6 + 1) - 4 - (-531 - -539).
45
What is the value of 5 + 16 + (65 - (128 - 74))?
32
What is 754 - 716 - (36 - 5)?
7
-1 - 1 - (26 - (48 - (-14 - (-53 - -18))))
-1
Evaluate 19 - (-22 + 5 - -10) - 45.
-19
What is (5 + -3 - 14) + (-278 + 167 - -24)?
-99
Calculate -8 + -8 + 2 + -11 + -15 + 18.
-22
Evaluate -9 + 14 + 8 + 2 + -4 + 0 + 32.
43
What is the value of (23 + -20 + 17 - 24) + 74 + -1 - -4?
73
Calculate (12 + 2 - 8 - 40) + -6 + (-18 - -18).
-40
(0 + 27 - (-133 + 170)) + (1 - 37)
-46
What is the value of (6 - (-19 + (-13 - -23))) + 24?
39
What is the value of 17 + (215 - 229) - (-1 - -74)?
-70
What is the value of -96 - (-6 + 47 - 132)?
-5
What is the value of (4 - (4 + 20)) + (8 - 7)?
-19
Calculate -10 - (27 + 2 + 17 + -25).
-31
Evaluate -46 + (-25 + 11 - 7) + 10.
-57
Calculate ((52 - 8) + -9 - 42) + 48.
41
Calculate -48693 + 48758 + 0 + -26 + 0.
39
What is the value of (11 + (4 - 27) - (-5 + 5 - 1)) + 1?
-10
Calculate -51 + (-34 - (-37 - 53)).
5
Evaluate (-57 - (213 - 266)) + (5 - 3 - (-1 - -3)).
-4
(0 - (3 + -6)) + -5 - (164 - 206)
40
What is -3 - (0 - 1 - -7) - 6?
-15
Calculate -1 + (15 - (-34 + -4)).
52
Calculate (35 - -22) + -50 + -48.
-41
Calculate (-36 - 28) + -26 + 150.
60
What is the value of -8 + 8 + (5 - -11) - (-31 + 140)?
-93
0 + (105 + 0 - 0) + 358 + (-97 - 268)
98
-33 + (20 - (-15 - (-53 - -28)))
-23
Evaluate (-1 - (7 - 4)) + 60 - (-36 + 48).
44
Evaluate -24 + -17 + -21 + -3 - -15.
-50
What is 35 + (8 - (10 + 18) - -32)?
47
What is the value of 24 + -15 - (-4 - (-3 - -1) - -1)?
10
What is the value of 18 - 8 - 6 - 8 - (47 + (-18 - -6))?
-39
What is the value of 13 - (51 + (-120 - -42))?
40
-48 + 16 + -7 + 20 + 70
51
What is the value of -35 - ((-43 - -50) + -5 + 1 + 5 - 4)?
-39
What is the value of 1 - (34 + -3) - (17 - (-10 + 25))?
-32
What is -2 + 8 + -1 - (28 - 22) - 118?
-119
18 + ((2 + 2 - (-37 - -21)) + -9 - 9)
20
Calculate (-138 - -190) + (-78 - 0).
-26
What is the value of -54 - (-84 + 71 - 64)?
23
What is the value of (-7 - 23) + 12 - -12 - 22 - -10?
-18
What is -23 + (-4 - (4 + -2)) + -2 + 6?
-25
265 + -281 - (-5 - (1 + -4 - -1))
-13
Evaluate 22 + -13 + 12 - 18 - 9.
-6
Evaluate 164 - (28 - -119) - (66 + -1).
-48
What is 2 - (-4 + (-5 + 6 - (3 - (1 - -1))))?
6
Evaluate -15 - 2 - (-557 + 499).
41
Evaluate (1 - (-87 - -4)) + 57 + -22 + -45.
74
-42 + (18 - 7 - (-78 - -110))
-63
What is (-2541 - -2424) + (-3 - (-23 + (0 - 2)))?
-95
-821 - -787 - (-57 - -2)
21
-32 - (-8 - (-33 - 34))
-91
What is the value of -49 - 0 - (23 + 116 + -147)?
-41
Evaluate (-21 + 1 + (85 - 214) - -7) + -3.
-145
Calculate -10 - -15 - 1 - 13 - (-11 + -5 + -8).
15
What is (167 - 35) + (-23 - -18) + -42?
85
32 + (-16 - 33) + (-15 - 2)
-34
-27 - ((-55 - -169) + -5)
-136
What is the value of 3 - -13 - (-29 - 9) - 7?
47
(89 - 108) + (51 - 16)
16
What is the value of (9 - (6 + -83)) + -49?
37
What is (-27 - -18) + 23 - -11 - -55?
80
Calculate -49 - (22 - 33) - (-4 + 10).
-44
What is the value of (-80 - (-15 - 30)) + 38 + 96?
99
Evaluate -61 - -41 - ((5 - -4) + -39).
10
Calculate 36 + (49 - 89) - (1 + -56 - (6 - 8)).
49
What is the value of 25 + -5 + (-20 + 63 - 80) + 105?
88
What is the value of 28 + 4 + (-23 - -16 - (3 - 15)) - 6?
31
Calculate -22 - (0 + -11 - (-10 - -55)).
34
Evaluate 42 - 70 - -21 - (23 - (2 + -4)).
-32
Evaluate (-4 - 6 - (-15 + 8) - (-5 - -3)) + -68.
-69
What is 67 + 10 + -63 + (5 + -3 + -1 - 3)?
12
Evaluate (-12 - -9) + -46 + 34.
-15
What is the value of 70 + -82 + (2 - (-34 - -10))?
14
Calculate 29 + (22 - -2) + -91.
-38
(36 - 32 - (-1 + 4)) + 0 + 44 + -107
-62
Evaluate (-7 - 6 - (16 - (19 + 4))) + -8 + 9.
-5
-66 + 13 + -16 + 21 + -3
-51
0 - (-111 + 32 + -11 + -13)
103
What is the value of 12 - ((-47 - -70 - (-2 + -1)) + 11)?
-25
What is the value of 56 + (21 - (1 + 7 - -1)) + (12 - 2)?
78
What is -15 + 27 + 36 - (10 - 3)?
41
What is the value of -1 + (57 - 64) + -1 + 5 - (-5 - -81)?
-80
-4 - (1 + -24) - (-279 + 273)
25
Evaluate 75 - (85 + -50 + -47).
87
Calculate -259 + 299 + -3 + -80.
-43
-11 + -15 + -2 - (-57 + 35)
-6
What is the value of (-8 - -8) + 2 + (-5 - -7) - -3 - 13?
-6
Calculate -4 + (-3 + -11 - 7) + 76.
51
What is the value of -4 - (-111 + 82 - -51)?
-26
11 + -1 + -30 + 17 + -10 + 6
-7
Evaluate 0 + 17 - (-7 - (-71 + 58)).
11
63 - (-98 + 123 - -32)
6
What is the value of (0 - 6 - ((92 - 84) + -49 + 5)) + -7?
23
What is the value of 86 + -8 + 0 + 17 + -219 + 220?
96
Calculate (6 - (7 + 2) - -5) + 3.
5
19 + -2 + ((-80 - 28) + 40 - -58)
7
What is the value of (0 - 26) + 9 + 27?
10
What is -10 - (27 + -61 + (6 - (6 + 6) - -8))?
22
What is the value of (1355 - 1370) + (56 - (-3 + 1))?
43
Calculate -9 + 1 + 2165 + -2140.
17
6 - (-11 + (13 - (5 + -8 + -1)))
0
Evaluate (14 + -6 - (-26 - 9)) + -7 + (5 - -4).
45
Calculate -2 - -12 - (-6 + 5 + (-135 - -134)).
12
What is the value of 224 + -99 + -171 - -151?
105
Evaluate -76 - (-49 + -98) - 79.
-8
-2 + -1 + -1 + -1 - ((177 - 46) + -64)
-72
Evaluate (114 - 80) + 2 - -26.
62
Evaluate (624 + -652 - (-15 + 1)) + -31.
-45
What is -5 - ((-27 - -16) + 27 - -45)?
-66
(23 - 5 - (-7 - -87)) + 18 - 11
-55
Evaluate 12 - (38 - (-48 + 51)).
-23
What is (13 - 6 - 4) + (275 - 273)?
5
Evaluate -46 - (2 + (-7 - (-19 + 8)) + 11 - 11).
-52
What is the value of ((4 - (-8 + 9)) + -9 - (-1 + -5)) + 8?
8
What is -36 + -8 + 0 - (11 + (-10 - 7))?
-38
What is -218 + 190 - (-3 + -1) - -28?
4
(8 - 1 - (2 + -13 + 4)) + -14
0
Evaluate (-165 + 79 - -118) + -137.
-105
Calculate 9 + -46 + 55 - 23.
-5
(5 - -1 - 20) + (66 - 51) - (-109 - 1)
111
Calculate -18 - (7 - -2 - (-10 - -42 - 63)).
-58
14 - (-82 - -19) - 21 - -8
64
16 - (21 + -7 + -33)
35
Evaluate (-1 + (17 - 8) - (8 - 46)) + -6.
40
24708 - 24746 - (1 - (-85 + 0))
-124
0 + 12 + (11 - (-4 - -22))
5
-28 - (-20 - 6 - ((5 - 12) + -5))
-14
What is the value of (23 - (42 - 0)) + -123 - -20?
-122
What is the value of 2 + (-36 - (10 + -23)) + 7?
-14
Evaluate -59 + 7 - -41 - -47.
36
What is 2 + 94 - 3 - (0 + -31 - (-73 + 48))?
99
What is the value of -21 - ((2 - 16) + 25) - -19?
-13
What is -12 - (28 + -27 + -8) - (-12 - (-5 - -1))?
3
What is the value of -10 + 3 - 13 - (-156 + 154)?
-18
Calculate 33 - (60 + -27) - (-73 + (-3 - (-8 + 6))).
74
Evaluate -4 + 6 + (10 + -5 + -1 - 9) + 70.
67
-95 - (-33 + 9 + -28)
-43
Evaluate -58 + 3 - (19 + (7 - 21) + -3) - 0.
-57
Evaluate (-11 - (-2 + -14) - 7) + 79 - (5 + 4).
68
What is 4 + -17 + (-1 - 60) + 7 + (-12 - -3)?
-76
Calculate -34 - (-50 - -127) - (-3 - (-2 + 1)) - 3.
-112
(-118 - -99) + 31 + -1 - 19 - (2 - -59)
-69
Calculate (-19 - (2 + (-16 - 7))) + -1 + 33.
34
Evaluate (-99 - -57) + -4 + (6 - 2) + 10.
-32
What is the value of (-2005 - -1922) + -1 + 2 + 12?
-70
23 - ((24 - (70 - 28)) + -63 + 0)
104
What is the value of (1136 - 1162) + 4 + 106 + -7?
77
(26 - (7 - 9)) + (7 - -24) + -27
32
-10 + -14 + 32 + 21 - -28
57
Calculate -2 + (1 - -73) + 37 